{"id":676,"date":"2024-02-29T14:33:06","date_gmt":"2024-02-29T14:33:06","guid":{"rendered":"http:\/\/justforjoy.de\/?page_id=676"},"modified":"2024-03-01T08:23:59","modified_gmt":"2024-03-01T08:23:59","slug":"neue-maennerstimmen","status":"publish","type":"page","link":"http:\/\/justforjoy.de\/?page_id=676","title":{"rendered":"wir suchen dich &#8230;"},"content":{"rendered":"\n<p class=\"has-text-color has-link-color wp-elements-7d6dcdb5dfab577cfb43d73292bd4f2d\" style=\"color:#dedede\">Sehr sch\u00f6n, Du bist neugierig, was sich hinter diesem Code bzw. Link verbirgt<\/p>\n\n\n\n<p class=\"has-text-color has-link-color wp-elements-58bed01c0103b6e62da63d7bbf1b6584\" style=\"color:#dedede\">Damit bringst Du schon einmal eine wichtige Voraussetzung mit: <br>Du bist offen f\u00fcr etwas Neues, etwas Besonderes und erwartest hier wahrscheinlich &#8230; <br>tja, was eigentlich? &nbsp;<\/p>\n\n\n\n<p class=\"has-text-color has-link-color wp-elements-474b72fe82816f9b0e89748a2871cda9\" style=\"color:#dedede\">Du bist hier jedenfalls richtig, denn wir suchen nach M\u00e4nnern, die Lust haben, unseren tollen, lebendigen, vielseitigen Chor \u201eJust for Joy\u201c zu verst\u00e4rken, der momentan ganz deutlichen \u00d6strogen\u00fcberschuss hat! &nbsp;<\/p>\n\n\n\n<p class=\"has-text-color has-link-color wp-elements-d568f4ecada365b2a5a1d25d6000ae2d\" style=\"color:#dedede\">Wenn Du jetzt sagst: \u201eDas wollt Ihr Euch nicht antun\u201c oder <br>\u201eIch singe nur unter der Dusche oder auf dem Fu\u00dfballplatz\u201c, dann lies trotzdem weiter! \u00a0<\/p>\n\n\n\n<p class=\"has-text-color has-link-color wp-elements-ef54f5c5bc374cbe8957a366261e50f8\" style=\"color:#dedede\">Bei uns steht die Freude im Vordergrund und nicht Perfektion. Und vielleicht ist unsere Musik ja genau richtig f\u00fcr Dich und Du magst Gospels, Spirituals, NGL, aber auch Rock und Pop, Musicalhits und auch afrikanische Songs. &nbsp;<\/p>\n\n\n\n<p class=\"has-text-color has-link-color wp-elements-6d7d626877e0d8c4a857e968021d14d8\" style=\"color:#dedede\">Mit unserer Werbeaktion wollen wir DICH ermutigen, es mal mit dem Singen zu probieren und unsere Chorgemeinschaft kennenzulernen. <br>Dabei spielt es keine Rolle, ob Du schon Gesangserfahrung hast oder nicht. <br>Unser Name ist unser Motto:<\/p>\n\n\n<div class=\"wp-block-image\">\n<figure class=\"aligncenter size-full is-resized\"><img loading=\"lazy\" decoding=\"async\" width=\"1017\" height=\"455\" src=\"http:\/\/justforjoy.de\/wp-content\/uploads\/2024\/02\/logo-1.jpg\" alt=\"\" class=\"wp-image-694\" style=\"width:340px;height:auto\" srcset=\"http:\/\/justforjoy.de\/wp-content\/uploads\/2024\/02\/logo-1.jpg 1017w, http:\/\/justforjoy.de\/wp-content\/uploads\/2024\/02\/logo-1-300x134.jpg 300w, http:\/\/justforjoy.de\/wp-content\/uploads\/2024\/02\/logo-1-768x344.jpg 768w\" sizes=\"auto, (max-width: 1017px) 100vw, 1017px\" \/><\/figure>\n<\/div>\n\n\n<p><\/p>\n\n\n\n<p class=\"has-text-color has-link-color wp-elements-8538229091f266137129db91855817df\" style=\"color:#dedede\"><br>Singen macht gl\u00fccklich, st\u00e4rkt die Abwehrkr\u00e4fte und den Kreislauf, ist also absolut gesundheitsf\u00f6rdernd.<\/p>\n\n\n\n<p class=\"has-text-color has-link-color wp-elements-7bcc06250a67933b678b08039830170c\" style=\"color:#dedede\">Haben wir jetzt Deine Neugierde geweckt, dann schreib uns einfach. <br>Kontaktdaten findest Du unten.<\/p>\n\n\n\n<p class=\"has-text-color has-link-color wp-elements-3e47ceb6bd35b07e799f033755df8d37\" style=\"color:#dedede\">&nbsp;Du bist herzlich&nbsp;willkommen! Komm doch einfach zu einer unserer Proben<\/p>\n\n\n\n<p class=\"has-text-color has-link-color wp-elements-a93f3e3c319d707d507f477368395c67\" style=\"color:#dedede\"><strong>sonntags um 19:30 Uhr im Saal des \u201eSpital- Geb\u00e4udes\u201c<\/strong><br><strong>Trautenbergstr.24 in 95478 Kemnath<\/strong> &nbsp;<\/p>\n\n\n\n<p class=\"has-text-color has-link-color wp-elements-cc3e69b39844554bb8d8549ecd550638\" style=\"color:#dedede\">Eine vorherige Nachricht w\u00e4re toll, wir freuen uns jetzt schon auf Dich!<\/p>\n\n\n\n<p class=\"has-text-color has-link-color wp-elements-18143af4cad4380ee8ed80ef916a70a1\" style=\"color:#dedede\">Mail an: <a href=\"mailto:andreakick@web.de\">andreakick@web.de<\/a><br>Telefon: 09642\/8587<br>Mobil (auch WhatsApp, Signal, Telegram): 015908499090<\/p>\n","protected":false},"excerpt":{"rendered":"<p>Sehr sch\u00f6n, Du bist neugierig, was sich hinter diesem Code bzw. Link verbirgt Damit bringst Du schon einmal eine wichtige Voraussetzung mit: Du bist offen f\u00fcr etwas Neues, etwas Besonderes und erwartest hier wahrscheinlich &#8230; tja, was eigentlich? &nbsp; Du bist hier jedenfalls richtig, denn wir suchen nach M\u00e4nnern, die Lust haben, unseren tollen, lebendigen, [&hellip;]<\/p>\n","protected":false},"author":1,"featured_media":0,"parent":0,"menu_order":0,"comment_status":"closed","ping_status":"closed","template":"","meta":{"footnotes":""},"class_list":["post-676","page","type-page","status-publish","hentry"],"_links":{"self":[{"href":"http:\/\/justforjoy.de\/index.php?rest_route=\/wp\/v2\/pages\/676","targetHints":{"allow":["GET"]}}],"collection":[{"href":"http:\/\/justforjoy.de\/index.php?rest_route=\/wp\/v2\/pages"}],"about":[{"href":"http:\/\/justforjoy.de\/index.php?rest_route=\/wp\/v2\/types\/page"}],"author":[{"embeddable":true,"href":"http:\/\/justforjoy.de\/index.php?rest_route=\/wp\/v2\/users\/1"}],"replies":[{"embeddable":true,"href":"http:\/\/justforjoy.de\/index.php?rest_route=%2Fwp%2Fv2%2Fcomments&post=676"}],"version-history":[{"count":13,"href":"http:\/\/justforjoy.de\/index.php?rest_route=\/wp\/v2\/pages\/676\/revisions"}],"predecessor-version":[{"id":716,"href":"http:\/\/justforjoy.de\/index.php?rest_route=\/wp\/v2\/pages\/676\/revisions\/716"}],"wp:attachment":[{"href":"http:\/\/justforjoy.de\/index.php?rest_route=%2Fwp%2Fv2%2Fmedia&parent=676"}],"curies":[{"name":"wp","href":"https:\/\/api.w.org\/{rel}","templated":true}]}}